s digit of 5199?
1
What is the hundreds digit of 10923?
9
What is the tens digit of 991?
9
What is the hundreds digit of 478?
4
What is the ten thousands digit of 14328?
1
What is the thousands digit of 3111?
3
What is the hundreds digit of 2982?
9
What is the thousands digit of 2027?
2
What is the hundreds digit of 1196?
1
What is the hundreds digit of 3171?
1
What is the units digit of 13057?
7
What is the tens digit of 65932?
3
What is the tens digit of 1338?
3
What is the tens digit of 2911?
1
What is the hundreds digit of 2184?
1
What is the units digit of 470?
0
What is the ten thousands digit of 57024?
5
What is the ten thousands digit of 14705?
1
What is the ten thousands digit of 57629?
5
What is the tens digit of 1106?
0
What is the ten thousands digit of 36837?
3
What is the hundreds digit of 147410?
4
What is the tens digit of 1361?
6
What is the hundreds digit of 48745?
7
What is the thousands digit of 8748?
8
What is the tens digit of 554?
5
What is the units digit of 17293?
3
What is the hundreds digit of 21239?
2
What is the units digit of 8350?
0
What is the hundreds digit of 10906?
9
What is the thousands digit of 11377?
1
What is the tens digit of 63473?
7
What is the hundreds digit of 1538?
5
What is the hundreds digit of 259?
2
What is the units digit of 914?
4
What is the units digit of 2307?
7
What is the hundreds digit of 783?
7
What is the hundreds digit of 21990?
9
What is the units digit of 1190?
0
What is the hundreds digit of 459?
4
What is the hundreds digit of 38607?
6
What is the hundreds digit of 28019?
0
What is the ten thousands digit of 42788?
4
What is the thousands digit of 5691?
5
What is the tens digit of 5667?
6
What is the ten thousands digit of 32275?
3
What is the thousands digit of 1965?
1
What is the hundreds digit of 2009?
0
What is the hundreds digit of 470?
4
What is the units digit of 6877?
7
What is the hundreds digit of 17195?
1
What is the tens digit of 4141?
4
What is the ten thousands digit of 10363?
1
What is the tens digit of 4421?
2
What is the thousands digit of 18887?
8
What is the ten thousands digit of 76290?
7
What is the thousands digit of 1924?
1
What is the units digit of 376?
6
What is the ten thousands digit of 33965?
3
What is the tens digit of 4895?
9
What is the thousands digit of 10795?
0
What is the thousands digit of 59679?
9
What is the units digit of 1957?
7
What is the tens digit of 409?
0
What is the hundreds digit of 481?
4
What is the hundreds digit of 4473?
4
What is the units digit of 162?
2
What is the ten thousands digit of 135461?
3
What is the tens digit of 492?
9
What is the hundreds digit of 235?
2
What is the hundreds digit of 8262?
2
What is the hundreds digit of 404?
4
What is the tens digit of 7150?
5
What is the hundreds digit of 335?
3
What is the tens digit of 884?
8
What is the units digit of 8096?
6
What is the ten thousands digit of 68125?
6
What is the hundreds digit of 738?
7
What is the tens digit of 1648?
4
What is the tens digit of 14511?
1
What is the units digit of 8672?
2
What is the tens digit of 1740?
4
What is the units digit of 115392?
2
What is the tens digit of 259?
5
What is the tens digit of 238?
3
What is the units digit of 2748?
8
What is the units digit of 1342?
2
What is the thousands digit of 6230?
6
What is the tens digit of 5862?
6
What is the hundreds digit of 6905?
9
What is the tens digit of 2005?
0
What is the tens digit of 1954?
5
What is the tens digit of 3485?
8
What is the tens digit of 190?
9
What is the thousands digit of 2747?
2
What is the ten thousands digit of 45833?
4
What is the tens digit of 18069?
6
What is the thousands digit of 2171?
2
What is the tens digit of 496?
9
What is the units digit of 3024?
4
What is the tens digit of 6374?
7
What is the units digit of 219?
9
What is the hundreds digit of 71870?
8
What is the thousands digit of 57746?
7
What is the thousands digit of 4470?
4
What is the ten thousands digit of 17193?
1
What is the units digit of 107?
7
What is the ten thousands digit of 10388?
1
What is the hundreds digit of 1189?
1
What is the hundreds digit of 20861?
8
What is the thousands digit of 15390?
5
What is the hundreds digit of 2872?
8
What is the units digit of 613?
3
What is the tens digit of 2199?
9
What is the hundreds digit of 41165?
1
What is the tens digit of 7217?
1
What is the units digit of 88093?
3
What is the tens digit of 14695?
9
What is the hundreds digit of 7626?
6
What is the units digit of 1230?
0
What is the hundreds digit of 328?
3
What is the hundreds digit of 632?
6
What is the units digit of 82159?
9
What is the units digit of 1410?
0
What is the hundreds digit of 3593?
5
What is the units digit of 77412?
2
What is the units digit of 650?
0
What is the thousands digit of 2030?
2
What is the thousands digit of 7295?
7
What is the ten thousands digit of 130264?
3
What is the tens digit of 3232?
3
What is the hundreds digit of 822?
8
What is the hundreds digit of 19134?
1
What is the units digit of 30782?
2
What is the units digit of 592?
2
What is the units digit of 270?
0
What is the hundreds digit of 287?
2
What is the hundreds digit of 67285?
2
What is the hundreds digit of 2642?
6
What is the hundreds digit of 5872?
8
What is the hundreds digit of 2817?
8
What is the units digit of 75369?
9
What is the hundred thousands digit of 105589?
1
What is the units digit of 6742?
2
What is the hundred thousands digit of 112112?
1
What is the tens digit of 27645?
4
What is the units digit of 1330?
0
What is the hundreds digit of 1112?
1
What is the thousands digit of 4852?
4
What is the units digit of 59356?
6
What is the units digit of 41287?
7
What is the hundreds digit of 4172?
1
What is the hundreds digit of 5343?
3
What is the tens digit of 3140?
4
What is the tens digit of 15097?
9
What is the hundreds digit of 4660?
6
What is the ten thousands digit of 116112?
1
What is the thousands digit of 6078?
6
What is the hundred thousands digit of 150129?
1
What is the hundreds digit of 13421?
4
What is the hundreds digit of 3760?
7
What is the tens digit of 2358?
5
What is the ten thousands digit of 16631?
1
What is the tens digit of 29870?
7
What is the hundreds digit of 667?
6
What is the units digit of 22231?
1
What is the units digit of 2971?
1
What is the thousands digit of 17431?
7
What is the thousands digit of 1164?
1
What is the thousands digit of 83291?
3
What is the units digit of 1109?
9
What is the tens digit of 54880?
8
What is the hundreds digit of 28882?
8
What is the units digit of 858?
8
What is the units digit of 1704?
4
What is the tens digit of 200?
0
What is the hundreds digit of 19673?
6
What is the units digit of 3135?
5
What is the tens digit of 484?
8
What is the units digit of 844?
4
What is the units digit of 13528?
8
What is the hundreds digit of 998?
9
What is the tens digit of 611?
1
What is the hundreds digit of 6963?
9
What is the units digit of 221?
1
What is the hundreds digit of 251?
2
What is the thousands digit of 7544?
7
What is the tens digit of 3779?
7
What is the units digit of 47205?
5
What is the units digit of 185?
5
What is the hundreds digit of 11821?
8
What is the tens digit of 4949?
4
What is the thousands digit of 3197?
3
What is the thousands digit of 18820?
8
What is the units digit of 2182?
2
What is the ten thousands digit of 17052?
1
What is the hundreds digit of 9210?
2
What is the tens digit of 441?
4
What is the thousands digit of 3353?
3
What is the units digit of 999?
9
What is the hundreds digit of 1781?
7
What is the tens digit of 3922?
2
What is the tens digit of 29157?
5
What is the thousands digit of 1298?
1
What is the units digit of 59198?
8
What is the tens digit of 1296?
9
What is the units digit of 49?
9
What is the thousands digit of 25710?
5
What is the tens digit of 49117?
1
What is the thousands digit of 7168?
7
What is the thousands digit of 16763?
6
What is the units digit of 68712?
2
What is the hundreds digit of 45223?
2
What is the thousands digit of 18818?
8
What is the tens digit of 10323?
2
What is the tens digit of 880?
8
What is the thousands digit of 2770?
2
What is the thousands digit of 4623?
4
What is the thousands digit of 4591?
4
What is the hundreds digit of 7980?
9
What is th